 -1808. Let f = -506 + y. Calculate the remainder when f is divided by 28.
25
Let i = -418 + 411. Let v be 1/(2*1/(-4)). What is the remainder when 22 is divided by (i + 2 - v)/(-1)?
1
Let w = -418 - -417. What is the remainder when 245 is divided by (5 + w)*(-41)/(-4)?
40
What is the remainder when -1*(-2)/((-110139)/(-12237) - 9) is divided by 24?
23
Let c = -172058 + 172093. What is the remainder when c is divided by 2/4 + (-15)/(-2)?
3
Let i be -5 - (15 + 5)*6/(-15). Suppose -r + 669 = p + 48, -5*r - i*p = -3109. What is the remainder when r is divided by 52?
51
Let w(o) = 8*o + 654. Let k be w(-82). Suppose 3*u - 26 - 22 = 0. Calculate the remainder when 76 is divided by (-4)/u*k*26.
11
Let s(l) = l**3 + 4*l**2 - 3*l + 5. Let w = -176 - 167. Let x = w - -375. What is the remainder when x is divided by s(-4)?
15
Let l = -9 + 6. Let k(q) = -9*q + 2. Let c(a) = a**2 + 216*a - 645. Calculate the remainder when k(l) is divided by c(3).
5
Suppose -g + 2*g = -17. Let y be 91/13*66/14. Let w = y + g. Calculate the remainder when w is divided by 7.
2
Let t = 68 - 53. Suppose 57 - 5 = -4*c. Let b = c + t. Calculate the remainder when 8 is divided by b.
0
Suppose -71 = 4*t - 39. What is the remainder when 2 is divided by 18/8 + (9 - (-74)/t)?
0
Let w(l) = l**3 - 73*l**2 - 187*l - 446. Calculate the remainder when w(76) is divided by 206.
198
Suppose 2*b - 4 = 0, j + 4*b - 46 = 27. Suppose -j*h + 64*h + 44 = 0. What is the remainder when 131 is divided by h?
43
Let g(q) = -524*q - 1677. What is the remainder when g(-4) is divided by 47?
43
Let l be 227*((-8)/56 - 8/(-7)). Suppose 242 + l = 7*v. What is the remainder when v is divided by 14?
11
Let h(v) = -v**3 - 32*v**2 + 313*v - 5. Calculate the remainder when 415 is divided by h(7).
140
Let i(t) = 6 - 3*t + 35 - 8 + t. What is the remainder when i(10) is divided by (12/(-9))/(4/(-6))?
1
Suppose 21*h - 18*h + 3*m = -51, h + 23 = -4*m. Let n(x) = 3*x**2 + 39*x + 77. What is the remainder when n(h) is divided by 43?
38
Let s(y) = -y - 4. Let p be s(-9). Suppose -p*h + 28 = -127. Let c = 8330 - 8318. What is the remainder when h is divided by c?
7
What is the remainder when 4/(-30) - (23 + 85492/(-165)) is divided by 98?
5
Let u = 71 - 50. What is the remainder when (7/5)/((-16)/(-720)) is divided by u?
0
Suppose 3*q + 0 = 78. What is the remainder when 154 is divided by q?
24
Suppose 4*x - d - 329 = 0, x + 5*d = 3*x - 169. Let f = 109 + -54. Let b = -34 + f. Calculate the remainder when x is divided by b.
19
Let i(n) = 29*n + 59 - 12*n - 10*n + 83 - 2*n. Calculate the remainder when 36 is divided by i(-24).
14
Suppose -53*s + 16681 = l - 48*s, -4*l + 2*s + 66790 = 0. What is the remainder when l is divided by 69?
67
Let l = -13906 + 15500. What is the remainder when l is divided by 34?
30
What is the remainder when (-77748)/(-16) - (-12)/(-48) is divided by 31?
23
Let a = 2583 - 2268. Calculate the remainder when a is divided by 85.
60
Let w = -1974 - -2002. Calculate the remainder when 1958/18 - (-2)/9 is divided by w.
25
What is the remainder when 1/(6/(-10))*-33 is divided by (-1 - 44)*(-16)/64*16/12?
10
Let v(o) = -o + 297. Calculate the remainder when 11221 is divided by v(113).
181
Let s = 365 - 361. Suppose 4*u = -5*g + 322 + 144, 0 = u + s*g - 111. Calculate the remainder when u is divided by 26.
15
Let v = -1 - -4. Let h(s) = s**3 - 5*s**2 + 10*s - 8. Calculate the remainder when h(3) is divided by v.
1
Let z(s) = 1062*s - 6213. What is the remainder when z(6) is divided by 32?
31
Suppose 0 = -2*t + 3 + 3. Suppose 0 = t*a - 0*a - 6. Calculate the remainder when 4 + 0 - (-4)/10*(31 + -26) is divided by a.
0
Let a(b) = 17 + b**3 - 11543*b - 26*b**2 + 11543*b. Calculate the remainder when a(26) is divided by 5.
2
Let q(n) = n**2 - 12*n + 15. Let r be q(10). Let h(m) = 5*m + 9. Let d be h(r). Calculate the remainder when 13 is divided by 2*(-5)/20*d.
5
Let q = 25907 - 24836. Calculate the remainder when q is divided by 75.
21
Let b = 29 - 47. Let s be (3 - 40/12)*b. What is the remainder when (-82)/(-3) + 4/s is divided by 6?
4
Let t = -141 + 155. Suppose 0 = 4*w - 2*w - 12. Suppose -7*c + w*c + 55 = 0. Calculate the remainder when c is divided by t.
13
Suppose 3120 = 38*i - 2238. Let q = -3 - -7. Suppose q*l - 90 = -l. Calculate the remainder when i is divided by l.
15
What is the remainder when 477 is divided by ((-13)/((-195)/10))/(44/8646)?
84
Suppose -21*q = -40*q + 342. Calculate the remainder when 801 is divided by q.
9
What is the remainder when (-40)/56 - 1247963/(-553) is divided by 206?
196
Suppose 0 = 29*n - 22*n + 70. Let m(o) = -39*o - 310. Calculate the remainder when m(n) is divided by 28.
24
Let z(s) = -s - 11. Let u be z(-11). Suppose -q + 8 - 61 = u. Let t = q + 73. What is the remainder when 31 is divided by t?
11
Suppose -12*i - 34*i = 34*i - 34960. What is the remainder when 875 is divided by i?
1
Let x(w) = -2*w**2 - 8*w + 3. Let l be x(-4). Suppose 2*d + 21 = 5*v - 163, 0 = l*v + 2*d - 120. What is the remainder when v is divided by 8?
6
What is the remainder when 11 + ((-2645)/(-10))/(1/2) is divided by -3 - -35 - 4/(-2)?
30
Let l = 65 + -60. Suppose 5*h - t = 130, l*t + 3 - 1 = h. Suppose 4*q = 3*q + h. Calculate the remainder when q is divided by 7.
6
Let m = 274 + -248. Suppose -m*d + 29*d + 5*v - 561 = 0, 2*d - 393 = 3*v. What is the remainder when d is divided by 39?
36
Suppose -22 = -5*w + 33. Let v be (58752/84)/12 + 2/(-7). Suppose 27*x = 4*f + 29*x - 68, 2*f - 5*x - v = 0. What is the remainder when f is divided by w?
8
Let a(p) = -3*p + 4. Let t be a(0). Let y be (t/6*-1)/((-17)/255). Calculate the remainder when 3*y/15 + 54 is divided by 15.
11
Let u = 333 + -324. Let j be 2*(-2 + (-120)/3). Calculate the remainder when j/(-3) - (-6)/(-2) is divided by u.
7
Let x be (12/8)/((-3 + 4)/366). Let l = x + -546. Calculate the remainder when 25 is divided by l.
1
What is the remainder when ((-42086)/(-77) + -7)*7 is divided by 88?
81
Let a be 142/2*(-13)/(-13). Suppose -12 = -j + 4*g + 19, a = 5*j + g. Calculate the remainder when j is divided by 4.
3
Let a(f) be the third derivative of f**4/6 - 2*f**3/3 - f**2 - 6. Calculate the remainder when 53 is divided by a(4).
5
Let b(i) = 132*i**2 - 2*i - 1. Suppose -g - 31 = -y + 1, 4*g + 163 = 5*y. Calculate the remainder when b(-1) is divided by 1 + y - 2 - 0.
31
Suppose 120 + 339 = 9*r. Let g = -54 + r. Calculate the remainder when g*(-4)/(-6)*(-27)/18 is divided by 2.
1
Suppose 3*i = -5*k + 11975, 9005 = 3*k - 5*i + 1820. Suppose -53*w + k = -149. Calculate the remainder when w is divided by 5.
3
Suppose 4*d = 294*k - 292*k + 278, 0 = 5*k + 15. Calculate the remainder when 206 is divided by d.
2
Suppose -2 = -2*u, -5*s + 0*s + 701 = u. Calculate the remainder when s is divided by 47.
46
Let z(f) = 3*f**2 - 4*f - 3. Let x(w) = 53*w**2 + 216*w - 429. What is the remainder when x(2) is divided by z(-3)?
35
Suppose 9*l - 4*l - 674 = -3*v, -5*l + 2*v + 659 = 0. Calculate the remainder when 525 is divided by l.
126
Suppose 14*g = 3*g + 44. What is the remainder when g/(-10) + -9 + 726/15 is divided by 16?
7
Let n(l) = -1370*l + 9613. What is the remainder when 6620 is divided by n(7)?
19
Let r(c) = -2*c**2 - 98*c - 172. Calculate the remainder when 812 is divided by r(-44).
8
Let b be (-3)/(-2) + 1616/32. Let d = b + -27. What is the remainder when 44 is divided by d?
19
Let f(z) = z**3 + 4*z**2 + 4*z + 9. Let d be f(-3). Let l be (2*57/d)/(4 - 3). Let r = 25 - l. What is the remainder when 46 is divided by r?
4
Suppose 0 = 3*o - 4*i + 5, 3 = 3*o - 2*i + 16. Suppose -162 = -3*a - 3*p, -a + 97 = -p + 33. What is the remainder when a is divided by (-1*(4 + o))/(3/11)?
4
Let f = -37022 - -37052. What is the remainder when 453 is divided by f?
3
Suppose -300 + 50 = -22*m + 124. What is the remainder when 897 is divided by m?
13
Let i(p) = -4*p - 8. Let r be i(17). Let m = 8 - r. What is the remainder when m is divided by 23?
15
Suppose 0 = q - i - 86, 3*q - 289 = i - 23. Let u = q - -20. Calculate the remainder when u is divided by 39.
32
Let v = -151 + 227. Suppose 5*w + 215 = 315. Calculate the remainder when v is divided by w.
16
Let t = -10760 + 10811. Suppose 3*a = -0*a - 144. Let c = -22 - a. What is the remainder when t